er?
True
Is 1262255857 a composite number?
False
Is 34719424199 a composite number?
False
Is 96760834783 a prime number?
True
Is 2788970857 a prime number?
True
Is 48415853 a prime number?
True
Is 4250930381 a prime number?
True
Is 100488649 a prime number?
False
Is 1056943037 prime?
True
Is 7035183929 composite?
False
Is 1524920699 prime?
True
Is 2471023003 composite?
True
Is 604898279 composite?
True
Is 36706468301 prime?
False
Is 21890221 composite?
False
Is 411554311 prime?
False
Is 84749393 prime?
True
Is 10632926391 composite?
True
Is 731570473 a prime number?
False
Is 6746125741 a prime number?
True
Is 60107696179 a composite number?
True
Is 391454669 a prime number?
False
Is 18178914851 a composite number?
True
Is 821820761 a prime number?
True
Is 6402607735 a composite number?
True
Is 12142803193 a composite number?
False
Is 25772208823 prime?
False
Is 1353193453 prime?
False
Is 10035928247 a composite number?
False
Is 3750919399 a prime number?
False
Is 4987543783 a composite number?
False
Is 2735958899 a prime number?
True
Is 10374706399 a prime number?
False
Is 2769178987 prime?
True
Is 7837362979 composite?
True
Is 15394953731 a prime number?
True
Is 53349763 composite?
True
Is 85479026599 a composite number?
True
Is 781916053 composite?
True
Is 11892587947 a prime number?
False
Is 3840647 composite?
False
Is 2520739409 prime?
False
Is 1537208711 a composite number?
False
Is 2280427147 composite?
False
Is 4986837269 composite?
True
Is 4328726581 a prime number?
True
Is 41078407187 prime?
True
Is 1626581447 composite?
False
Is 57165998257 composite?
True
Is 272148589 prime?
True
Is 171704357 composite?
True
Is 1505484293 a composite number?
True
Is 639710243 a composite number?
False
Is 15728431 prime?
False
Is 3716140231 a composite number?
True
Is 11734442567 a prime number?
True
Is 4602378611 composite?
True
Is 9934843 a prime number?
False
Is 5301019459 prime?
False
Is 206112833 a prime number?
True
Is 37666972487 a prime number?
True
Is 1364068645 prime?
False
Is 112190306659 a composite number?
False
Is 91891545169 composite?
False
Is 21721587101 a composite number?
False
Is 22428825481 a composite number?
True
Is 474227357 a prime number?
True
Is 593202559 composite?
False
Is 4240342901 a prime number?
False
Is 19073406503 a prime number?
False
Is 1986872473 a prime number?
True
Is 3660816457 composite?
False
Is 13981006859 composite?
False
Is 1835409649 prime?
False
Is 3782878991 prime?
True
Is 1902084343 prime?
False
Is 125994886007 composite?
False
Is 4122232341 a composite number?
True
Is 992469827 prime?
True
Is 333448697 composite?
False
Is 401153867 composite?
False
Is 8648002295 composite?
True
Is 988794673 prime?
True
Is 43161273899 a composite number?
False
Is 862415929 prime?
True
Is 22299419267 a composite number?
False
Is 59875318157 prime?
True
Is 450122411 composite?
False
Is 17699215943 prime?
False
Is 661065809 a composite number?
False
Is 820621201 a prime number?
True
Is 15654056017 a composite number?
False
Is 3234773557 composite?
True
Is 153135467 prime?
False
Is 869999479 composite?
False
Is 398631677 a prime number?
True
Is 232326109865 composite?
True
Is 20270729207 a composite number?
True
Is 10021039681 a composite number?
False
Is 4464155903 a prime number?
False
Is 16415036233 a prime number?
True
Is 308243927 prime?
True
Is 7923123533 a composite number?
True
Is 12777539363 a prime number?
True
Is 26351468659 a prime number?
False
Is 183989791 a composite number?
False
Is 8992785869 a composite number?
True
Is 49684741 a composite number?
True
Is 231050059 a prime number?
True
Is 1332499079 composite?
False
Is 2176313159 a composite number?
False
Is 471562051 composite?
True
Is 67798993 prime?
True
Is 1860868547 a prime number?
True
Is 66971792663 composite?
True
Is 11628465449 a composite number?
False
Is 3270828859 composite?
False
Is 884844458045 a composite number?
True
Is 95481907 a prime number?
False
Is 1320500947 prime?
True
Is 155850102481 prime?
False
Is 14057615591 a prime number?
False
Is 22693249979 composite?
False
Is 3741085219 a composite number?
False
Is 7107553867 composite?
False
Is 545207513 a composite number?
False
Is 73530943 composite?
False
Is 73242943 a composite number?
True
Is 11758022697 a prime number?
False
Is 22552237 prime?
True
Is 432713989 composite?
False
Is 65417501 a composite number?
False
Is 6234717553 composite?
True
Is 47266157 a composite number?
False
Is 217211769491 prime?
True
Is 42221029553 prime?
True
Is 63389941 prime?
False
Is 1507430173 a composite number?
False
Is 26262011497 a composite number?
False
Is 74569447403 a composite number?
True
Is 894004601 a composite number?
True
Is 118830887393 a prime number?
True
Is 18409463 prime?
False
Is 117821476618 a prime number?
False
Is 7558111 composite?
True
Is 32045737019 a composite number?
False
Is 1590840581 a prime number?
False
Is 14367517 composite?
False
Is 344581099 prime?
False
Is 130814413 composite?
False
Is 42030605761 a prime number?
False
Is 2428118879 composite?
True
Is 3128742971 a prime number?
True
Is 58745501755 prime?
False
Is 105591247 a composite number?
False
Is 187374930487 a prime number?
True
Is 154884204955 prime?
False
Is 17223691421 composite?
True
Is 1099112411 a prime number?
True
Is 4934443927 prime?
False
Is 23074534601 prime?
False
Is 1956637763 a composite number?
True
Is 3545724313 a prime number?
True
Is 2256624287 a prime number?
True
Is 205329727 a prime number?
True
Is 27346152557 composite?
True
Is 3942550883 composite?
False
Is 1206180229 a composite number?
True
Is 5019940607 composite?
True
Is 69513688771 prime?
False
Is 41005915267 prime?
False
Is 734029771 a composite number?
False
Is 1898723173 a composite number?
False
Is 37310947 composite?
False
Is 45509036479 a composite number?
True
Is 5502299009 composite?
True
Is 6348078551 prime?
False
Is 7157641151 a prime number?
False
Is 4263494437 composite?
False
Is 14779755577 composite?
False
Is 531743167 a composite number?
False
Is 6772810899 a composite number?
True
Is 62776455331 a composite number?
True
Is 14293786037 a composite number?
True
Is 1098480289 prime?
True
Is 21623473409 a prime number?
True
Is 73375343 prime?
True
Is 12800470187 prime?
True
Is 309408421 composite?
True
Is 3296959837 a composite number?
False
Is 865324154 composite?
True
Is 949663283 composite?
False
Is 2856217029 a composite number?
True
Is 41838596927 a prime number?
False
Is 68353648117 a prime number?
True
Is 1052446589 a composite number?
True
Is 868491893 prime?
True
Is 66401429095 a prime number?
False
Is 93557417 prime?
False
Is 8561769 a composite number?
True
Is 240029737 a composite number?
False
Is 2389134547 composite?
False
Is 46684037737 composite?
False
Is 31695325771 a composite number?
True
Is 837225121 composite?
False
Is 282618851 prime?
True
Is 15756314999 a composite number?
False
Is 1628706797 a prime number?
False
Is 1787481755 a prime number?
False
Is 83108429 a prime number?
True
Is 15721792633 composite?
False
Is 2068910113 composite?
False
Is 10631959589 a prime number?
True
Is 9424153993 a prime number?
True
Is 1012092281 a composite number?
False
Is 2013290339 prime?
True
Is 856299937 a prime number?
True
Is 6818088113 prime?
True
Is 9729991783 prime?
False
Is 35561310863 a composite number?
True
Is 1306083109 a composite number?
True
Is 175855187 a composite number?
False
Is 680295104459 a prime number?
True
Is 1466447951 a prime number?
True
Is 3356124323 a prime number?
True
Is 10965141157 prime?
True
Is 552377528983 a composite number?
True
Is 570969853 composite?
True
Is 680588393 prime?
True
Is 297885531079 a prime number?
True
Is 2908105763 a composite number?
True
Is 9818632301 composite?
True
Is 8619820789 a prime number?
True
Is 82399907 a prime number?
True
Is 218485097 prime?
True
Is 897827339 prime?
True
Is 111388939 a prime number?
False
Is 17049853 a composite number?
False
Is 3718165177 a prime number?
True
Is 1298890211 a composite number?
True
Is 538283087 prime?
False
Is 32300570669 a prime number?
True
Is 4508703449 a composite number?
False
Is 100553239771 composite?
True
Is 73007691403 composite?
True
Is 552831683 prime?
True
Is 4491415853 composite?
False
Is 513047